- 104?
-36
In base 10, what is -77 + 14?
-63
In base 13, what is -196 - 11?
-1a7
In base 7, what is -30361 + 5?
-30353
In base 7, what is 611 + -2?
606
In base 6, what is 2 + 1513?
1515
In base 5, what is 414 + 13?
432
In base 10, what is 6 - -1222?
1228
In base 7, what is 20562 - -2?
20564
In base 2, what is 111011 - -11?
111110
In base 10, what is 0 - 2120?
-2120
In base 5, what is -121433 + -3?
-121441
In base 3, what is 10022 - 2221?
101
In base 2, what is 1001 + 1100001010?
1100010011
In base 7, what is -22 + 30?
5
In base 13, what is -139 + 4?
-135
In base 9, what is 4 + 57?
62
In base 11, what is 136 - 7?
12a
In base 15, what is -2 - -41?
3e
In base 12, what is -6 + 165?
15b
In base 13, what is 2 + -227?
-225
In base 14, what is 18c - -4?
192
In base 5, what is 11331 + -3?
11323
In base 6, what is 1 + -54?
-53
In base 8, what is 55 + 4?
61
In base 14, what is 5a - -3?
5d
In base 9, what is -12 + -26?
-38
In base 5, what is -3400 - 4?
-3404
In base 3, what is 0 - -122?
122
In base 12, what is 49 + -6?
43
In base 6, what is 4 - -1032?
1040
In base 5, what is 12044 - 0?
12044
In base 8, what is -377 + 4?
-373
In base 11, what is -2 + 1204?
1202
In base 3, what is -11212021 - 12?
-11212110
In base 13, what is -1ca - 0?
-1ca
In base 8, what is -470 - -22?
-446
In base 8, what is -6 - -771?
763
In base 15, what is -28 + -2?
-2a
In base 5, what is 1 + 0?
1
In base 2, what is 101001001 - 0?
101001001
In base 15, what is -2 + -34?
-36
In base 14, what is -9d - 2?
-a1
In base 12, what is 16 + -285?
-26b
In base 11, what is -1261 - 3?
-1264
In base 11, what is -97a + 27?
-953
In base 5, what is 113222 + 3?
113230
In base 12, what is 3330 - 2?
332a
In base 8, what is 73 - 40?
33
In base 10, what is -3 - 1975?
-1978
In base 14, what is 266 - -5?
26b
In base 3, what is 11 + 1110?
1121
In base 15, what is -b + 384?
378
In base 4, what is 221130 - 2?
221122
In base 9, what is 315 + -3?
312
In base 7, what is -2024 - -4?
-2020
In base 7, what is 2 + 154?
156
In base 14, what is -11 + cb?
ba
In base 4, what is 2 - 2032?
-2030
In base 4, what is 11 - 21312?
-21301
In base 5, what is -4 - -112?
103
In base 7, what is -160 + -24?
-214
In base 16, what is 0 - -907?
907
In base 13, what is -15 + -12?
-27
In base 3, what is -100 - 122?
-222
In base 2, what is 101110000 + -100?
101101100
In base 8, what is -5 - 1?
-6
In base 2, what is -11 - 110001100001?
-110001100100
In base 6, what is 5 - -12452?
12501
In base 15, what is 1 - 31?
-30
In base 13, what is -22 + 0?
-22
In base 4, what is -11 - -22110?
22033
In base 9, what is -1 + -1251?
-1252
In base 14, what is 2 - -49a?
49c
In base 2, what is 10 + -111011011?
-111011001
In base 15, what is 8 - -19?
22
In base 5, what is 123034 - 2?
123032
In base 10, what is 480 + -3?
477
In base 9, what is -136 - 15?
-152
In base 4, what is 3 + 132?
201
In base 4, what is -10 - -3101?
3031
In base 12, what is -2b + 4?
-27
In base 12, what is bb - 3?
b8
In base 6, what is -33 + 50?
13
In base 5, what is -11443 + 2?
-11441
In base 5, what is 10 - 144433?
-144423
In base 14, what is 1235 + -3?
1232
In base 3, what is 0 - 1120022?
-1120022
In base 7, what is -4 + -4253?
-4260
In base 7, what is 202 + 56?
261
In base 9, what is -4 - -47?
43
In base 5, what is 0 + 2312?
2312
In base 16, what is 5 - -5a?
5f
In base 5, what is -2 - 1143?
-1200
In base 12, what is 87 + -1?
86
In base 5, what is -402 - 113?
-1020
In base 15, what is 2 + 3?
5
In base 16, what is -2f + 23?
-c
In base 11, what is 1 - -6?
7
In base 12, what is 0 - -20?
20
In base 5, what is -20 + -1204?
-1224
In base 9, what is 703 - 2?
701
In base 14, what is 4 - 92?
-8c
In base 2, what is 10101100100 - -11?
10101100111
In base 15, what is 4 + -34?
-30
In base 14, what is 7c + 0?
7c
In base 5, what is 0 - -4?
4
In base 15, what is -19 - 5?
-1e
In base 3, what is -2 - 12112?
-12121
In base 15, what is -103 + 7?
-eb
In base 11, what is 3 - -618?
620
In base 11, what is -5 - -17?
12
In base 11, what is -696 + -5?
-6a0
In base 15, what is 3 - 12a?
-127
In base 15, what is b + 17?
23
In base 5, what is 0 - -2334?
2334
In base 7, what is 1 - 241?
-240
In base 3, what is -2 + -1100110?
-1100112
In base 12, what is -5 - -10?
7
In base 16, what is -5 - 25e?
-263
In base 13, what is -31 - -18?
-16
In base 7, what is 2 + -633?
-631
In base 10, what is -75 - 6?
-81
In base 3, what is -2112 + -11?
-2200
In base 9, what is 3 + -44?
-41
In base 15, what is 7 + -23?
-1b
In base 10, what is 0 - 28?
-28
In base 12, what is -94 - 10?
-a4
In base 9, what is -224 + 0?
-224
In base 11, what is -1 - 12?
-13
In base 14, what is -9 - 49c?
-4a7
In base 11, what is -2 + -1007?
-1009
In base 13, what is -5 - b42?
-b47
In base 3, what is -21222 + 2?
-21220
In base 6, what is 100 + -5?
51
In base 7, what is -151 - -16?
-132
In base 7, what is -1022 - 2?
-1024
In base 5, what is -3 + 44010?
44002
In base 6, what is -23 - 24?
-51
In base 15, what is -21e + -5?
-224
In base 16, what is -be - -b?
-b3
In base 8, what is 47 + 3?
52
In base 6, what is -1240 - 4?
-1244
In base 9, what is 71 - -4?
75
In base 12, what is 1 + -288?
-287
In base 15, what is -1 + -37?
-38
In base 7, what is 221 - -1?
222
In base 11, what is 583 + 4?
587
In base 11, what is a43 - 5?
a39
In base 15, what is 7 - c?
-5
In base 10, what is 4 + -371?
-367
In base 7, what is -24 + 42?
15
In base 14, what is 27 - 3?
24
In base 3, what is -1 - -2221?
2220
In base 4, what is 2 + -33?
-31
In base 5, what is 30 + 22?
102
In base 6, what is -122 - -441?
315
In base 15, what is 213b + -4?
2137
In base 15, what is 2 - 11?
-e
In base 16, what is -6 + 1ca?
1c4
In base 9, what is -50 - 4?
-54
In base 14, what is 17 - 231?
-218
In base 11, what is 3196 - 0?
3196
In base 12, what is -2b42 - -2?
-2b40
In base 7, what is -31 - -105?
44
In base 6, what is 3253 + 1?
3254
In base 7, what is 2515 - 11?
2504
In base 12, what is 11 + -43?
-32
In base 16, what is -10 - d?
-1d
In base 12, what is 14 + 239?
251
In base 6, what is 5 + -14414?
-14405
In base 8, what is -110 - 0?
-110
In base 10, what is 274 + -14?
260
In base 7, what is -5450 - -4?
-5443
In base 13, what is -8 - -9a2?
997
In base 2, what is 110100100 + 10?
110100110
In base 14, what is 1b - -4?
21
In base 12, what is 38 + -21?
17
In base 6, what is -5 + 51?
42
In base 7, what is 3 + 500?
503
In base 12, what is -9 + -33?
-40
In base 11, what is -146 + 63?
-93
In base 12, what is -4 + 37a?
376
In base 9, what is 3 + 5?
8
In base 15, what is 4 - -10?
14
In base 3, what is 12021 + -1010?
11011
In base 15, what is 5 + 45?
4a
In base 16, what is -13 + -16?
-29
In base 10, what is 64 + 3?
67
In base 9, what is 3 - 158?
-155
In base 12, what is 2 + 5b?
61
In base 3, what is 1 - 11102002?
-11102001
In base 6, what is -225 + 22?
-203
In base 11, what is 5 - 1791?
-1787
In base 8, what is 5 - 25?
-20
In base 10, what is 0 + 139?
139
In base 15, what is -32b4 + -1?
-32b5
In base 5, what is 1 + -11243?
-11242
In base 12, what is 888 - -13?
89b
In base 8, what is 2676 + 5?
2703
In base 5, what is 1 - -103143?
103144
In base 13, what is 260 + -4?
259
In base 3, what is -102102 + 111?
-101221
In base 8, what is 4010 + -3?
4005
In base 5, what is -302 + -100?
-402
In base 8, what is -2034 + 2?
-2032
In base 5, what is -30 - 14?
-44
In base 7, what is 50 - 234?
-154
In base 12, what is 66 - 35?
31
In base 4, what is 10 - 32?
-22
In base 3, what is 2021 - 12?
2002
In base 5, what is -1210223 - 4?
-1210232
In base 3, what is 21200 - -110?
22010
In base 5, what is 34220 + 3?
34223
In base 16, what is -2f + ad?
7e
In base 9, what is -11 + 487?
476
In base 10, what is 0 - 547?
-547
In base 13, what is -5a - 0?
-5a
In base 7, what is -21 + 2?
-16
In base 11, what is 3 + 33?
36
In base 11, what is 4 - 6a?
-66
In base 15, what is be - -1a?
d9
In base 7, what is -2 + -1436?
-1441
In base 5, what is 4 + -332?
-323
In base 4, what is 10 + 121201?
121211
In base 10, what is -759 - -1?
-758
In base 13, what is -1 + -53?
-54
In base 16, what is -3 - 1b2?
-1b5
In base 8, what is -15 - 66?
-103
In base 15, what is ed - -1?
ee
In base 4, what is -10 + -3323?
-3333
In base 4, what is 223 + -1?
222
In base 11, what is -193 + -22?
-205
In base 2, what is 10001101001 - 10?
10001100111
In base 10, what is 10 + 1528?
1538
In bas